4*d, -4*v + 3*d + 470 = 8*d. Let h be ((-30)/(-4))/(1/2). What is the greatest common factor of v and h?
15
Let w be 220/18 + (-10)/45. Suppose -2*f + 4 = -4. Suppose -2*x = -j + 30, -3*x + 134 = f*j + 47. Calculate the highest common divisor of j and w.
12
Let b be 16*2/(-4)*-2. Let l(k) = -k - 5*k + k + 2*k - 2. Let q be l(-6). What is the highest common divisor of q and b?
16
Suppose -4*j + 5*b = -922 + 176, -2*j + 360 = 4*b. What is the greatest common divisor of j and 23?
23
Let i(j) = 8*j**3 - 5*j**2 + 6*j. Let q be i(2). Calculate the greatest common divisor of 140 and q.
28
Let a = -17 - -11. Let z be (-8)/a*(3 + 15). What is the highest common divisor of 6 and z?
6
Let i(x) = 3*x**2 + 2*x - 9. Let g be i(-4). What is the highest common factor of g and 93?
31
Suppose -3*c = -34 - 2. Suppose -3*o - 233 - 361 = 0. Let i = -138 - o. What is the highest common factor of c and i?
12
Suppose -5*k + 0*k = 0. Let i(u) = -u**2 - u + 16. Let x be i(k). Suppose 8 = g - x. What is the highest common divisor of 6 and g?
6
Let f be (-2)/6 - (-192)/9. Suppose 6*w - f = 3*w. What is the greatest common factor of 21 and w?
7
Suppose -5*m + 37 + 593 = 0. Let w be 1 - (2 + -2) - -35. Suppose -4*s = -2*s - w. What is the greatest common divisor of s and m?
18
Let x = 242 + -454. Let t = 372 + x. Calculate the greatest common factor of t and 20.
20
Let y(m) = -m**2 + 7*m - 1. Let j be 6/8*8*1. Let w be y(j). Suppose -w*v - a + 6*a = -250, -2*v + 107 = 5*a. What is the greatest common divisor of 17 and v?
17
Suppose -o + 24 + 0 = 0. Suppose -5*q + 5*v = -115, 0*q + 2*v = -3*q + 74. What is the greatest common divisor of o and q?
24
Suppose -y = -4*y. Let r = 6 - y. Calculate the greatest common factor of 66 and r.
6
Let q = -34 - -68. Suppose -2*n = -4*g + 81 - 21, -n + q = 2*g. Let o be (0 - 30)*(-4)/3. What is the greatest common factor of o and g?
8
Let m(t) = t**2 - 7*t + 7. Let s(o) = 3*o**2 - 20*o + 21. Let f(x) = -7*m(x) + 2*s(x). Let j be f(8). Calculate the highest common divisor of j and 2.
1
Let c(j) = -j**2 - 28*j - 6. Let h be c(-22). What is the greatest common divisor of h and 42?
42
Let y(q) = q**3 - 4*q**2. Suppose 4*h = h + 18. Let w be y(h). Let u = -13 - -22. What is the greatest common factor of w and u?
9
Let x be (-5)/(-4 + (4 - 1)). Calculate the highest common factor of 45 and x.
5
Let d = -47 - -25. Let h = 87 + d. Suppose 5*x + 15 = -5*k + 90, h = 5*x + 3*k. Calculate the greatest common factor of 5 and x.
5
Suppose 3*o + 16 - 124 = 0. Calculate the highest common divisor of o and 24.
12
Let h be (-4)/22 + (-123)/(-11). Suppose 5*m = -z + 3*z + 214, z - 3 = 0. Calculate the highest common divisor of h and m.
11
Let d = 13 + -19. Let c be (d/(-5))/(6/270). Let y(j) = -6*j. Let i be y(-6). What is the highest common divisor of i and c?
18
Let w(x) = -x**3 + 6*x**2 - x - 4. Let d be w(6). Let b = 0 + d. Let p be 2/b - (-202)/10. What is the highest common divisor of 30 and p?
10
Let k = 30 + -43. Let r(w) = -w**2 - 13*w + 9. Let o be r(k). Let u be 5/7 - 4/(-14). Calculate the greatest common divisor of o and u.
1
Suppose -712 = -5*m - 217. Calculate the highest common factor of 9 and m.
9
Suppose -386 + 74 = -4*d. Calculate the greatest common factor of 26 and d.
26
Suppose 2*m - 5*m - 81 = -3*s, -34 = -2*s - 2*m. What is the greatest common factor of s and 11?
11
Let x(u) = 3*u**2 - 1. Let c be x(1). What is the highest common divisor of c and 4?
2
Let c = -3 + 6. Suppose -4*b = -b + c*u + 12, 16 = -4*u. Let r = b + 7. What is the highest common factor of 63 and r?
7
Let b(z) = -2*z - 4. Let n be b(3). Let l be (16/n)/((-6)/15). Let c = 19 - l. Calculate the highest common factor of 10 and c.
5
Suppose 5*a + l - 49 = -0*a, -5*a + 41 = -l. Let o(s) = -2 + 0 + 3*s + s**2 + 3 - 2. Let z be o(-4). Calculate the highest common factor of z and a.
3
Let j be 64 + 4/(4/(-4)). Calculate the greatest common divisor of 20 and j.
20
Suppose 0*r = 5*r + 35. Let h be (1 - (-19)/(-7))*r. Calculate the greatest common divisor of 108 and h.
12
Let v(s) = -s + 5. Let h be v(3). Suppose 0 = h*l - 7*l - 10. Let t = 4 + l. Calculate the greatest common divisor of 16 and t.
2
Let b(o) = -o - 16. Let r be b(-14). Let q be (2 + -9)/(r/26). What is the highest common factor of 13 and q?
13
Suppose -2*g + 3*g = 4*b - 10, 3*b - g = 8. Calculate the highest common divisor of 10 and b.
2
Let s(c) = -c + 3. Let i be s(-16). Suppose 12 = 3*y, -j + 2*y + 5 + 6 = 0. Calculate the greatest common divisor of i and j.
19
Suppose 5*o - 26 = 2*i, 2*o = -5*i - 7 - 0. Suppose -h + 1 = -o. What is the greatest common divisor of h and 55?
5
Let q(k) = 9*k**2 - 6*k - 7. Let a be q(-4). Calculate the highest common factor of 7 and a.
7
Let b be (-78)/(-36) + (-1)/6. Calculate the greatest common factor of b and 6.
2
Suppose 4*x = -3*k + 115, 5*k - 3 = 4*x + 242. Calculate the greatest common divisor of k and 360.
45
Suppose g - 18 - 5 = 0. Calculate the highest common factor of g and 92.
23
Let l = -49 - -29. Let b be (-3)/(-2)*l/(-3). Calculate the greatest common divisor of 90 and b.
10
Suppose 15 = 2*c - 9. Calculate the greatest common divisor of c and 12.
12
Let b(j) = j**2 - 4*j - 1. Let x be b(5). Suppose 80 = -x*i + 8*i. What is the highest common factor of i and 180?
20
Suppose -4*r = -5*k - 12 - 21, 5*k + 17 = -4*r. Suppose -v + 2 = -r. Calculate the highest common factor of 2 and v.
2
Let u = -69 + 71. Calculate the highest common factor of 1 and u.
1
Let r = 12 - 12. Suppose -2*t + d + 18 = r, 3*t - 27 = d + d. Calculate the greatest common divisor of t and 36.
9
Let r be (2 - 0) + 3 + -2. Let t(i) = -i**2 - 6*i - 3. Let j be t(-5). Suppose -4*n + j = -3*n. What is the highest common factor of n and r?
1
Suppose 7*t - 27 - 29 = 0. Calculate the highest common divisor of t and 20.
4
Suppose 17*l + 54 = 19*l. Suppose 0 = -3*w - 2*a + 60, 66 = 3*w + 2*a + 2*a. What is the highest common factor of l and w?
9
Let s(b) = b - 4 + b**3 - 2*b**3 - 3*b**2 + 3*b**3 - 3*b**3. Let o be s(-4). What is the greatest common divisor of 16 and o?
8
Let b(r) = -5*r**2 + 5*r - 4. Let j be b(-5). Let s = -322 - j. Let g be ((-3)/4)/(3/s). What is the highest common factor of g and 6?
6
Suppose -79 = -5*q + 166. Calculate the greatest common divisor of 7 and q.
7
Let i = 115 + -100. What is the greatest common divisor of 3 and i?
3
Let m = 0 - -23. Let g = m + -7. Suppose -o = -6*o + 120. What is the highest common divisor of o and g?
8
Let f be (-682)/(-6) + 7/21. Let a(c) = -c**2 + 3*c + 5. Let d be a(4). Let t be f/8 + d/(-4). What is the highest common factor of 56 and t?
14
Let r(i) be the second derivative of i**4/3 + i**3/2 + i. Let g be r(-3). Let f = 126 - g. Calculate the highest common factor of f and 9.
9
Let c(n) = -n**2 - 14*n + 5. Let g be c(-13). Calculate the greatest common divisor of 36 and g.
18
Let h be 40/4 - (5 + -2). Let d = h + -4. Suppose 2*k - 62 = x, 4*k - 93 = -5*x + 59. Calculate the greatest common divisor of d and k.
3
Let x = 8 - 5. Let k(b) = 3*b**2 - 5*b**2 + 18*b**x + 0*b**2 + b**2. Let t be k(1). Calculate the highest common factor of t and 34.
17
Let w(h) = -2*h - 3. Let n be w(-5). What is the greatest common divisor of 7 and n?
7
Let x(a) = a**2 + 3*a + 1. Let y be (-3)/(-3) + -2 - 2. Let n be (-1 - y - -1)/(-1). Let q be x(n). Calculate the highest common divisor of 5 and q.
1
Suppose 5*f - 74 = 41. What is the highest common factor of 161 and f?
23
Let o(d) = -70*d + 5. Let c(j) = 14*j - 1. Let m(u) = 11*c(u) + 2*o(u). Let t be m(1). Calculate the greatest common divisor of 26 and t.
13
Let s(n) = 2*n**2 + 7*n + 2. Let q be s(-5). Let k = q + -5. Let c be ((-3)/2 + 0)*-64. Calculate the highest common factor of c and k.
12
Suppose -4*f = -5*g - 6, -3*g + 0*g - 5*f = -26. Suppose g*t + 0 - 28 = 0. What is the greatest common divisor of t and 14?
14
Let l be 3*3 - 7/(28/8). Calculate the greatest common divisor of 56 and l.
7
Suppose -m + 2*c - 191 = 0, 5*m + 4*c + 756 + 227 = 0. Let j = m + 303. Calculate the greatest common factor of 12 and j.
12
Let z = 11 - 11. Suppose -p - 5 = z, 2*a = 4*p + 61 + 127. Calculate the highest common divisor of 21 and a.
21
Suppose 4*n = -n + 200. Let c be 10 + -1 + (2 - 2) + 1. What is the greatest common 